
8
Suppose 4*i + 2 - 14 = 0. Calculate the remainder when 27 is divided by i.
0
Suppose 0 = -2*i - 2*t, -i + 2*i = -4*t. Suppose -d = -4*k - 23, 2*d + i*d - 28 = 2*k. Suppose -4*a = -91 + d. Calculate the remainder when 58 is divided by a.
18
Let b(f) = 4*f - 3. Suppose k + 40 = 4*x, 2*k = 4 - 12. Suppose x = -2*n + 3*n. What is the remainder when b(5) is divided by n?
8
Let j(y) = y**3 - 3*y**2 + y + 4. Calculate the remainder when (154/21)/((-4)/(-6) + 0) is divided by j(3).
4
Suppose 83 = 3*l - u, 0 = -l - 4*l + 2*u + 139. Let o be -5 + (-2 - (-1 + -2)). Calculate the remainder when l is divided by (-4)/(-2) - 2*o.
7
Let v = 7 - 4. What is the remainder when 3 is divided by v?
0
Let h be -3 + 2 + 6/2. Calculate the remainder when 1468/20 - (-4)/(-10) is divided by (95/25)/(h/10).
16
Let w = -2 - -4. Let b be ((-1)/3)/(w/(-18)). Suppose 0 = b*f - 6*f + 45. What is the remainder when 28 is divided by f?
13
Suppose 2*k - 3*k + 13 = 0. Suppose -5*h + 3*g - 5 = -0, -k = h - 3*g. Suppose h*o + 5*q = 3 + 25, 28 = 5*o + 2*q. What is the remainder when 6 is divided by o?
2
Suppose -2*o + 13 = v, 5*o - 16 = -3*v + 18. Let k = 40 + -23. Calculate the remainder when k is divided by o.
2
Calculate the remainder when (20 - (-1 + 1)) + -4 is divided by 10.
6
Let h(a) = 5*a**2 - 3*a + 3. Let t be h(2). Let g = 15 + 15. What is the remainder when g is divided by -2 + t + 1/1?
14
Let q(s) = -s**2 + 20*s + 47. Let i(h) = -6*h. What is the remainder when q(20) is divided by i(-2)?
11
Let v(x) = x**3 - 19*x**2 - 17*x - 16. Let f = 37 + -22. Calculate the remainder when v(20) is divided by f.
14
Let d(m) = m**2 - 14*m - 13. What is the remainder when d(18) is divided by 15?
14
Suppose -5*a + 49 + 211 = 3*s, -274 = -3*s + 2*a. Suppose -3*c + 0 = -s. What is the remainder when c is divided by 11?
8
Let u(m) = -m + 6. Calculate the remainder when u(-3) is divided by (-20)/(-5) + (0 - -1).
4
Suppose 3*n - 8 = 16. Let r = -5 + n. Calculate the remainder when r is divided by (-48)/(-22) - (-6)/(-33).
1
Let l = 2 - -10. Let p(b) = b**3 + 11*b**2 + 8*b + 1. What is the remainder when p(-10) is divided by l?
9
Let d = -25 - -30. Calculate the remainder when 19 is divided by d.
4
Suppose 5*l - 39 = 66. Suppose -4*w + 5 - 1 = -4*u, -l = -3*w - 3*u. Calculate the remainder when 5 is divided by w.
1
Suppose -s - 1 = 4, -2*s + 282 = 4*i. Calculate the remainder when i is divided by 19.
16
Suppose 0 = -n - b - 1 + 4, 28 = n - 4*b. Let j(f) = f**2 + 2*f + 7. What is the remainder when j(-6) is divided by n?
7
Let t = 16 - 11. Suppose 2*f - 9 - 63 = -5*w, 0 = 3*f - t*w - 158. Calculate the remainder when f is divided by 2 - 3 - 17/(-1).
14
Let d(f) = -f**2 - 14*f + 36. What is the remainder when 37 is divided by d(-15)?
16
Calculate the remainder when -1 + 4 - (-3 - 10) is divided by 10.
6
Let i(l) = 2*l**3 - 2*l + 3. Let p be i(2). Suppose p = -2*y + 3*y. Let z = 57 - 28. Calculate the remainder when z is divided by y.
14
Let p be -1 + (6 - 3 - 2). Suppose -s = -p*s - 8. Calculate the remainder when 23 is divided by s.
7
Let x(z) = -10*z - 15. Suppose 0*w = w - 9. Calculate the remainder when x(-3) is divided by w.
6
Let w be (-1 + -1)*60/(-8). Let n be 4 + -5 + 1 + -8. Let h = w + n. Calculate the remainder when h is divided by 5.
2
Let m(s) = -s**3 - 4*s**2 - 2*s - 3. Let w be m(-3). Let b = 8 + w. What is the remainder when 24/9 + b/6 is divided by 3?
0
Let o(b) = -b**2 - 22*b + 3. What is the remainder when o(-17) is divided by 23?
19
Let j be 2/((-8)/6 + 2). What is the remainder when 33 is divided by j + (-5)/((-10)/28)?
16
What is the remainder when 40 + 0 - (-3 - (-2 - -3)) is divided by 8?
4
Let m be ((-20)/(-50))/(1/55). Let g = m + 7. What is the remainder when g is divided by 8?
5
Let r(s) = -2*s - 7. Let h be r(-5). Suppose 0 = 3*m + 9, 5*y - 21 + 0 = -h*m. Let u(l) = -l**2 + 9*l - 7. What is the remainder when 32 is divided by u(y)?
10
Calculate the remainder when 32 is divided by (-38)/(-6) - 12/(-18).
4
Calculate the remainder when 1*(4 + 110)/2 is divided by 15.
12
Suppose 6 + 4 = 5*c. Suppose -2*k - 9 = -3*k - 2*m, -4*k + c*m + 46 = 0. What is the remainder when k is divided by 1/2 - 11/(-2)?
5
Let g(i) = i**3 + i + 5. What is the remainder when (-48)/(-80)*(1 + 14) is divided by g(0)?
4
Let s(w) = -w**3 - 16*w**2 - 2*w - 11. Calculate the remainder when 35 is divided by s(-16).
14
Suppose -3*m - 3 = -78. Calculate the remainder when 97 is divided by m.
22
Suppose -9*c + 66 = -6*c. Suppose -4*s + 4*m + c = 2*m, -2*s = 4*m - 26. Calculate the remainder when 19 is divided by s.
5
Suppose -5*z = -5*m - 155, -z - 5*m + 27 = -2*m. Calculate the remainder when 148 is divided by z.
28
Let x(b) = -53*b - 7. Suppose 5 - 74 = -5*p + 4*l, 0 = -p + l + 13. Calculate the remainder when x(-2) is divided by p.
14
Suppose -2*f = 3*f. Suppose -54 = 1403*v - 1409*v. What is the remainder when -1 - (f - (37 + -2)) is divided by v?
7
Let p(y) = y**3 - y**2 - 7. Let u be p(0). Let s be 4/16 - u/4. Calculate the remainder when s/10 - 1056/(-20) is divided by 18.
17
Calculate the remainder when 90 is divided by 341/33*(1 + 2).
28
What is the remainder when ((-42)/(-5) + 0)/((-6)/(-20)) is divided by 8?
4
Suppose -19 - 12 = -y. What is the remainder when 122 is divided by y?
29
Let h(z) = z**2 + z - 1. Let a be h(-3). Suppose q - a = -b, 35 = 5*q - 9*b + 4*b. Calculate the remainder when 23 is divided by q.
5
Let v = 2 - 1. Let a(h) = 3*h**3 + 2*h**2 - 1. Calculate the remainder when (22/5)/(10/25) is divided by a(v).
3
Let z be (-1)/(1*(-2)/50). Let p = z - 14. Calculate the remainder when 20 is divided by p.
9
Suppose v = -3*w + 5, 0*w - 3*w + 5*v = -29. Let y = -10 + 19. Calculate the remainder when y is divided by ((-1)/(-1) - -2) + w.
3
Let k be (14/3)/(8/(-24)). What is the remainder when 402/14 - 4/k is divided by 8?
5
Let y be ((-32)/20)/((-4)/10). Suppose y*w + 3 = 23. Calculate the remainder when 8 is divided by w.
3
Let t = -3 + 0. What is the remainder when (t - -1)*(-3 - 10) is divided by 7?
5
Let b be 1/((21/6)/7). Suppose -b*o = -0*o - 22. Suppose w - 26 = -5. What is the remainder when w is divided by o?
10
Let o(a) = -6*a - 7. Calculate the remainder when o(-5) is divided by 8.
7
Suppose -113 = -3*i + 5*d, -i - 2*d = 3*d - 31. Suppose 0 = q - 10*q + 117. What is the remainder when i is divided by q?
10
Suppose 0 = 4*w + 4, -4*n + 59 = 5*w - 16. Let s = n + -12. What is the remainder when 14 is divided by s?
6
Suppose 4*h = 16, 4*q + h - 220 = -0*h. Calculate the remainder when q is divided by 28.
26
Suppose -72 = -4*h - 4*a + 28, -3*h + 87 = -3*a. Let p = 87 + -35. Calculate the remainder when p is divided by h.
25
Let c be (-24)/(-20)*10/4. Suppose -c*m + 2 - 17 = -p, -5*p + 5 = -m. Suppose 3*x - 2*x - 2 = p. Calculate the remainder when 3 is divided by x.
1
Let d(m) = m**3 - m**2 - m + 3. Let s(z) = -z**3 - 5*z**2 + 7*z + 6. Let p be s(-6). Calculate the remainder when 5 is divided by d(p).
2
Suppose 2*p = 6*p - 5*b - 4, -4*b = -5*p + 14. What is the remainder when 16 is divided by p?
4
Let t = -59 - -135. Suppose -3*y + 0*y - 5*l = -t, -2*l = -4. Suppose 0 = -2*z - z + 36. What is the remainder when y is divided by z?
10
Let o be ((-3)/(-6))/(3/6). Let t(a) = 16*a**2 - a. What is the remainder when t(o) is divided by 7 + 3/(-3)*-1?
7
Let n = -14 - -18. What is the remainder when 13 is divided by n?
1
Suppose 2*y = -0*y + 64. What is the remainder when 61 is divided by y?
29
Let u = -55 - -72. What is the remainder when 46 is divided by u?
12
Suppose n - 31 = -y, 4*y - n - 77 = 2*y. What is the remainder when y is divided by 13?
10
Let n be 37/4 + 5/(-20). Let c(t) = -t**3 + 9*t**2 + 2. What is the remainder when 7 is divided by c(n)?
1
What is the remainder when 25 is divided by ((-104)/(-12))/(-4*(-1)/6)?
12
Suppose -375 = -3*h - 4*g + g, 0 = -3*g - 6. Calculate the remainder when h is divided by 26.
23
Suppose 0 = 5*j - p - 23, 4*j - 3*p - 16 - 9 = 0. Suppose -k + b + 11 + 6 = 0, j*b - 7 = -k. What is the remainder when k is divided by 4?
3
Suppose -2*m + 264 = 68. What is the remainder when m is divided by 34?
30
Suppose -30 = -4*q - 2*u + 206, -2*u = -8. Calculate the remainder when q is divided by ((-15)/(-9))/(1/9).
12
Suppose -15 = 5*p, 2*v + 2*p - 64 